{"id":172,"date":"2024-05-27T15:18:18","date_gmt":"2024-05-27T15:18:18","guid":{"rendered":"https:\/\/bcisrael.be\/fr\/?page_id=172"},"modified":"2024-05-27T15:33:00","modified_gmt":"2024-05-27T15:33:00","slug":"galerie","status":"publish","type":"page","link":"https:\/\/bcisrael.be\/fr\/galerie\/","title":{"rendered":"Galerie"},"content":{"rendered":"\t\t<div data-elementor-type=\"wp-page\" data-elementor-id=\"172\" class=\"elementor elementor-172\" data-elementor-post-type=\"page\">\n\t\t\t\t<div class=\"elementor-element elementor-element-3e7fca12 e-flex e-con-boxed e-con e-parent\" data-id=\"3e7fca12\" data-element_type=\"container\" data-e-type=\"container\" data-settings=\"{&quot;background_background&quot;:&quot;classic&quot;}\">\n\t\t\t\t\t<div class=\"e-con-inner\">\n\t\t<div class=\"elementor-element elementor-element-5e6c053b e-flex e-con-boxed e-con e-child\" data-id=\"5e6c053b\" data-element_type=\"container\" data-e-type=\"container\">\n\t\t\t\t\t<div class=\"e-con-inner\">\n\t\t\t\t<div class=\"elementor-element elementor-element-5e4dbc24 elementor-widget elementor-widget-heading\" data-id=\"5e4dbc24\" data-element_type=\"widget\" data-e-type=\"widget\" data-widget_type=\"heading.default\">\n\t\t\t\t<div class=\"elementor-widget-container\">\n\t\t\t\t\t<h2 class=\"elementor-heading-title elementor-size-default\">Galerie<\/h2>\t\t\t\t<\/div>\n\t\t\t\t<\/div>\n\t\t\t\t<div class=\"elementor-element elementor-element-375a80c elementor-widget__width-initial elementor-widget-mobile__width-inherit elementor-widget elementor-widget-text-editor\" data-id=\"375a80c\" data-element_type=\"widget\" data-e-type=\"widget\" data-widget_type=\"text-editor.default\">\n\t\t\t\t<div class=\"elementor-widget-container\">\n\t\t\t\t\t\t\t\t\t<h6>Dans nos galeries, vous pouvez voir plusieurs images d&rsquo;ambiance concernant les \u00e9v\u00e9nements organis\u00e9s par la Coalition belge pour Isra\u00ebl.<\/h6>\t\t\t\t\t\t\t\t<\/div>\n\t\t\t\t<\/div>\n\t\t\t\t\t<\/div>\n\t\t\t\t<\/div>\n\t\t<div class=\"elementor-element elementor-element-1379a411 e-con-full e-flex e-con e-child\" data-id=\"1379a411\" data-element_type=\"container\" data-e-type=\"container\">\n\t\t<div class=\"elementor-element elementor-element-4c826276 e-con-full e-flex e-con e-child\" data-id=\"4c826276\" data-element_type=\"container\" data-e-type=\"container\">\n\t\t\t\t<div class=\"elementor-element elementor-element-2a8995a1 elementor-cta--layout-image-above elementor-widget-tablet__width-inherit elementor-cta--skin-classic elementor-animated-content elementor-bg-transform elementor-bg-transform-zoom-in elementor-widget elementor-widget-call-to-action\" data-id=\"2a8995a1\" data-element_type=\"widget\" data-e-type=\"widget\" data-widget_type=\"call-to-action.default\">\n\t\t\t\t<div class=\"elementor-widget-container\">\n\t\t\t\t\t\t\t<a class=\"elementor-cta\" href=\"https:\/\/bcisrael.be\/fr\/galerie\/photos-benefice-5-mai-2024\/\">\n\t\t\t\t\t<div class=\"elementor-cta__bg-wrapper\">\n\t\t\t\t<div class=\"elementor-cta__bg elementor-bg\" style=\"background-image: url(https:\/\/bcisrael.be\/fr\/wp-content\/uploads\/sites\/3\/2024\/05\/96\u00a9Donald-Woodrow-scaled-1-768x587.jpg);\" role=\"img\" aria-label=\"photo Kidnapped otages\"><\/div>\n\t\t\t\t<div class=\"elementor-cta__bg-overlay\"><\/div>\n\t\t\t<\/div>\n\t\t\t\t\t\t\t<div class=\"elementor-cta__content\">\n\t\t\t\t\n\t\t\t\t\t\t\t\t\t<h3 class=\"elementor-cta__title elementor-cta__content-item elementor-content-item\">\n\t\t\t\t\t\tB\u00e9n\u00e9fice 5 mai 2024\t\t\t\t\t<\/h3>\n\t\t\t\t\n\t\t\t\t\n\t\t\t\t\t\t\t<\/div>\n\t\t\t\t\t\t<\/a>\n\t\t\t\t\t\t<\/div>\n\t\t\t\t<\/div>\n\t\t\t\t<\/div>\n\t\t<div class=\"elementor-element elementor-element-40aa2655 e-con-full e-flex e-con e-child\" data-id=\"40aa2655\" data-element_type=\"container\" data-e-type=\"container\">\n\t\t\t\t<\/div>\n\t\t<div class=\"elementor-element elementor-element-6b1d367b e-con-full e-flex e-con e-child\" data-id=\"6b1d367b\" data-element_type=\"container\" data-e-type=\"container\">\n\t\t\t\t<\/div>\n\t\t<div class=\"elementor-element elementor-element-1b9fdf8 e-con-full e-flex e-con e-child\" data-id=\"1b9fdf8\" data-element_type=\"container\" data-e-type=\"container\">\n\t\t\t\t<\/div>\n\t\t\t\t<\/div>\n\t\t\t\t\t<\/div>\n\t\t\t\t<\/div>\n\t\t\t\t<\/div>\n\t\t","protected":false},"excerpt":{"rendered":"<p>Galerie Dans nos galeries, vous pouvez voir plusieurs images d&rsquo;ambiance concernant les \u00e9v\u00e9nements organis\u00e9s par la Coalition belge pour Isra\u00ebl. B\u00e9n\u00e9fice 5 mai 2024<\/p>\n","protected":false},"author":1,"featured_media":153,"parent":0,"menu_order":0,"comment_status":"closed","ping_status":"closed","template":"elementor_header_footer","meta":{"_monsterinsights_skip_tracking":false,"_monsterinsights_sitenote_active":false,"_monsterinsights_sitenote_note":"","_monsterinsights_sitenote_category":0,"footnotes":""},"class_list":["post-172","page","type-page","status-publish","has-post-thumbnail","hentry"],"blocksy_meta":[],"aioseo_notices":[],"_links":{"self":[{"href":"https:\/\/bcisrael.be\/fr\/wp-json\/wp\/v2\/pages\/172","targetHints":{"allow":["GET"]}}],"collection":[{"href":"https:\/\/bcisrael.be\/fr\/wp-json\/wp\/v2\/pages"}],"about":[{"href":"https:\/\/bcisrael.be\/fr\/wp-json\/wp\/v2\/types\/page"}],"author":[{"embeddable":true,"href":"https:\/\/bcisrael.be\/fr\/wp-json\/wp\/v2\/users\/1"}],"replies":[{"embeddable":true,"href":"https:\/\/bcisrael.be\/fr\/wp-json\/wp\/v2\/comments?post=172"}],"version-history":[{"count":18,"href":"https:\/\/bcisrael.be\/fr\/wp-json\/wp\/v2\/pages\/172\/revisions"}],"predecessor-version":[{"id":202,"href":"https:\/\/bcisrael.be\/fr\/wp-json\/wp\/v2\/pages\/172\/revisions\/202"}],"wp:featuredmedia":[{"embeddable":true,"href":"https:\/\/bcisrael.be\/fr\/wp-json\/wp\/v2\/media\/153"}],"wp:attachment":[{"href":"https:\/\/bcisrael.be\/fr\/wp-json\/wp\/v2\/media?parent=172"}],"curies":[{"name":"wp","href":"https:\/\/api.w.org\/{rel}","templated":true}]}}

<div data-elementor-type="wp-page" data-elementor-id="172" class="elementor elementor-172" data-elementor-post-type="page">
				<div class="elementor-element elementor-element-3e7fca12 e-flex e-con-boxed e-con e-parent" data-id="3e7fca12" data-element_type="container" data-e-type="container" data-settings="{&quot;background_background&quot;:&quot;classic&quot;}">
					<div class="e-con-inner">
		<div class="elementor-element elementor-element-5e6c053b e-flex e-con-boxed e-con e-child" data-id="5e6c053b" data-element_type="container" data-e-type="container">
					<div class="e-con-inner">
				<div class="elementor-element elementor-element-5e4dbc24 elementor-widget elementor-widget-heading" data-id="5e4dbc24" data-element_type="widget" data-e-type="widget" data-widget_type="heading.default">
				<div class="elementor-widget-container">
					<h2 class="elementor-heading-title elementor-size-default">Galerie</h2>				</div>
				</div>
				<div class="elementor-element elementor-element-375a80c elementor-widget__width-initial elementor-widget-mobile__width-inherit elementor-widget elementor-widget-text-editor" data-id="375a80c" data-element_type="widget" data-e-type="widget" data-widget_type="text-editor.default">
				<div class="elementor-widget-container">
									<h6>Dans nos galeries, vous pouvez voir plusieurs images d&rsquo;ambiance concernant les événements organisés par la Coalition belge pour Israël.</h6>								</div>
				</div>
					</div>
				</div>
		<div class="elementor-element elementor-element-1379a411 e-con-full e-flex e-con e-child" data-id="1379a411" data-element_type="container" data-e-type="container">
		<div class="elementor-element elementor-element-4c826276 e-con-full e-flex e-con e-child" data-id="4c826276" data-element_type="container" data-e-type="container">
				<div class="elementor-element elementor-element-2a8995a1 elementor-cta--layout-image-above elementor-widget-tablet__width-inherit elementor-cta--skin-classic elementor-animated-content elementor-bg-transform elementor-bg-transform-zoom-in elementor-widget elementor-widget-call-to-action" data-id="2a8995a1" data-element_type="widget" data-e-type="widget" data-widget_type="call-to-action.default">
				<div class="elementor-widget-container">
							<a class="elementor-cta" href="https://bcisrael.be/fr/galerie/photos-benefice-5-mai-2024/">
					<div class="elementor-cta__bg-wrapper">
				<div class="elementor-cta__bg elementor-bg" style="background-image: url(https://bcisrael.be/fr/wp-content/uploads/sites/3/2024/05/96©Donald-Woodrow-scaled-1-768x587.jpg);" role="img" aria-label="photo Kidnapped otages"></div>
				<div class="elementor-cta__bg-overlay"></div>
			</div>
							<div class="elementor-cta__content">
				
									<h3 class="elementor-cta__title elementor-cta__content-item elementor-content-item">
						Bénéfice 5 mai 2024					</h3>
				
				
							</div>
						</a>
						</div>
				</div>
				</div>
		<div class="elementor-element elementor-element-40aa2655 e-con-full e-flex e-con e-child" data-id="40aa2655" data-element_type="container" data-e-type="container">
				</div>
		<div class="elementor-element elementor-element-6b1d367b e-con-full e-flex e-con e-child" data-id="6b1d367b" data-element_type="container" data-e-type="container">
				</div>
		<div class="elementor-element elementor-element-1b9fdf8 e-con-full e-flex e-con e-child" data-id="1b9fdf8" data-element_type="container" data-e-type="container">
				</div>
				</div>
					</div>
				</div>
				</div>

<p>Galerie Dans nos galeries, vous pouvez voir plusieurs images d&rsquo;ambiance concernant les événements organisés par la Coalition belge pour Israël. Bénéfice 5 mai 2024</p>
